{"id":767,"date":"2018-08-30T13:11:50","date_gmt":"2018-08-30T16:11:50","guid":{"rendered":"https:\/\/isbavieiramendez-cba.infd.edu.ar\/sitio\/ubicacion\/"},"modified":"2020-11-12T16:17:59","modified_gmt":"2020-11-12T19:17:59","slug":"ubicacion","status":"publish","type":"page","link":"https:\/\/isbavieiramendez-cba.infd.edu.ar\/sitio\/ubicacion\/","title":{"rendered":"Ubicaci\u00f3n"},"content":{"rendered":"<figure style=\"width: 950px\" class=\"wp-caption alignnone\"><img decoding=\"async\" loading=\"lazy\" class=\"size-full wp-image-829\" src=\"https:\/\/isbavieiramendez-cba.infd.edu.ar\/sitio\/wp-content\/uploads\/2020\/11\/208870_353910491342643_1761678023_n.jpg\" alt=\"\" width=\"960\" height=\"637\" srcset=\"https:\/\/isbavieiramendez-cba.infd.edu.ar\/sitio\/wp-content\/uploads\/2020\/11\/208870_353910491342643_1761678023_n.jpg 960w, https:\/\/isbavieiramendez-cba.infd.edu.ar\/sitio\/wp-content\/uploads\/2020\/11\/208870_353910491342643_1761678023_n-768x510.jpg 768w\" sizes=\"(max-width: 960px) 100vw, 960px\" \/><figcaption class=\"wp-caption-text\"><strong>\u00a0 \u00a0 \u00a0<\/strong><strong>DESDE 1985 Y HASTA LA ACTUALIDAD EDUCANDO POR Y PARA EL ARTE<\/strong><\/figcaption><\/figure>\n<p>&nbsp;<\/p>\n<div id=\"mainitemid\">\n<h1>C\u00f3mo llegar a\u00a0Escuela Superior de Artes Visuales &#8211; Luz Vieira M\u00e9ndez?<\/h1>\n<p><span style=\"font-size: 16px;\">Inicio<\/span><span class=\"divider\" style=\"font-size: 16px;\">&gt;<\/span><span style=\"font-size: 16px;\">Argentina<\/span><span class=\"divider\" style=\"font-size: 16px;\">&gt;<\/span><span style=\"font-size: 16px;\">C\u00f3rdoba<\/span><span class=\"divider\" style=\"font-size: 16px;\">&gt;<\/span><span style=\"font-size: 16px;\">Departamento Presidente Roque S\u00e1enz Pe\u00f1a<\/span><span class=\"divider\" style=\"font-size: 16px;\">&gt;<\/span><span style=\"font-size: 16px;\">Pedan\u00eda La Amarga<\/span><span class=\"divider\" style=\"font-size: 16px;\">&gt;<\/span><span style=\"font-size: 16px;\">Municipio de Laboulaye &gt;<\/span><span style=\"font-size: 16px;\">Labo<\/span>ulaye<span class=\"divider\" style=\"font-size: 16px;\">&gt;<\/span><\/p>\n<p><img decoding=\"async\" loading=\"lazy\" class=\"aligncenter size-medium wp-image-855\" src=\"https:\/\/isbavieiramendez-cba.infd.edu.ar\/sitio\/wp-content\/uploads\/2020\/11\/125128565_1231449383892987_140672640191807700_n-1000x750.jpg\" alt=\"\" width=\"1000\" height=\"750\" srcset=\"https:\/\/isbavieiramendez-cba.infd.edu.ar\/sitio\/wp-content\/uploads\/2020\/11\/125128565_1231449383892987_140672640191807700_n-1000x750.jpg 1000w, https:\/\/isbavieiramendez-cba.infd.edu.ar\/sitio\/wp-content\/uploads\/2020\/11\/125128565_1231449383892987_140672640191807700_n-768x576.jpg 768w, https:\/\/isbavieiramendez-cba.infd.edu.ar\/sitio\/wp-content\/uploads\/2020\/11\/125128565_1231449383892987_140672640191807700_n-1900x1425.jpg 1900w, https:\/\/isbavieiramendez-cba.infd.edu.ar\/sitio\/wp-content\/uploads\/2020\/11\/125128565_1231449383892987_140672640191807700_n.jpg 2048w\" sizes=\"(max-width: 1000px) 100vw, 1000px\" \/><\/p>\n<p>&nbsp;<\/p>\n<\/div>\n","protected":false},"excerpt":{"rendered":"<p>&nbsp; C\u00f3mo llegar a\u00a0Escuela Superior de Artes Visuales &#8211; Luz Vieira M\u00e9ndez? Inicio&gt;Argentina&gt;C\u00f3rdoba&gt;Departamento Presidente Roque S\u00e1enz Pe\u00f1a&gt;Pedan\u00eda La Amarga&gt;Municipio de Laboulaye &gt;Laboulaye&gt; &nbsp;<\/p>\n","protected":false},"author":27,"featured_media":0,"parent":0,"menu_order":0,"comment_status":"closed","ping_status":"closed","template":"","meta":[],"acf":[],"_links":{"self":[{"href":"https:\/\/isbavieiramendez-cba.infd.edu.ar\/sitio\/wp-json\/wp\/v2\/pages\/767"}],"collection":[{"href":"https:\/\/isbavieiramendez-cba.infd.edu.ar\/sitio\/wp-json\/wp\/v2\/pages"}],"about":[{"href":"https:\/\/isbavieiramendez-cba.infd.edu.ar\/sitio\/wp-json\/wp\/v2\/types\/page"}],"author":[{"embeddable":true,"href":"https:\/\/isbavieiramendez-cba.infd.edu.ar\/sitio\/wp-json\/wp\/v2\/users\/27"}],"replies":[{"embeddable":true,"href":"https:\/\/isbavieiramendez-cba.infd.edu.ar\/sitio\/wp-json\/wp\/v2\/comments?post=767"}],"version-history":[{"count":4,"href":"https:\/\/isbavieiramendez-cba.infd.edu.ar\/sitio\/wp-json\/wp\/v2\/pages\/767\/revisions"}],"predecessor-version":[{"id":857,"href":"https:\/\/isbavieiramendez-cba.infd.edu.ar\/sitio\/wp-json\/wp\/v2\/pages\/767\/revisions\/857"}],"wp:attachment":[{"href":"https:\/\/isbavieiramendez-cba.infd.edu.ar\/sitio\/wp-json\/wp\/v2\/media?parent=767"}],"curies":[{"name":"wp","href":"https:\/\/api.w.org\/{rel}","templated":true}]}}